tens digit of -15 - -13 - 32/s?
3
Let c(o) = o**3 + 17*o**2 + 29*o + 3. What is the tens digit of c(-9)?
9
Suppose -5*j - 2008 = -b, 15*b = 11*b - 3*j + 7986. What is the hundreds digit of b?
9
Let s(k) = 206*k**2 + 3*k + 7. What is the hundreds digit of s(3)?
8
Let v = -9930 - -14356. What is the units digit of v?
6
Suppose 30*w + 7*w = 44548. What is the tens digit of w?
0
Let h = 101 - 23. What is the tens digit of h?
7
Let o(f) = 106*f + 1170. What is the hundreds digit of o(9)?
1
Let y(c) = c**3 + 8*c**2 - 15*c - 16. Let i be -1*-6*12/(-8). What is the tens digit of y(i)?
3
Let w(m) = 2*m**2 + 12*m - 81. What is the units digit of w(14)?
9
Let w be (-5)/(15/(-6))*-1. Let j be w*(-2)/((-12)/21). Let n = j + 63. What is the tens digit of n?
5
Suppose -3*i = -0*i + 18. Let f be (70/(-28))/(1/i). Suppose t - f = 1. What is the units digit of t?
6
Suppose -3*a - 3*s = -1329, -2*s - 413 = -a + 3*s. Suppose -f + 4*f - a = 0. What is the units digit of f?
6
Suppose -5*x = i - 6940, -1295 = 2*x - 2*i - 4071. What is the thousands digit of x?
1
Let a = -9 + 11. Suppose -5*j - a*w = -82, -j = -5*w - 9 - 2. Suppose -3*f - f = -j. What is the units digit of f?
4
Suppose p - 5*x - 180 = 0, 2*p + 4*x + x - 420 = 0. Suppose -3*f - z = -p, -3*z = f - z - 75. What is the tens digit of f?
6
Let c = 72 + -33. What is the units digit of c + 7 - 4/1?
2
Let c = -16 - -11. Let m(f) = f**3 + 4*f**2 - 7*f - 7. Let y be m(c). Suppose -y*q = q - 16. What is the units digit of q?
4
What is the thousands digit of (-6)/((-10493)/(-5257) + -2)?
1
Let y(z) = 2*z**2 + 23*z - 54. Let m be y(-14). Let q(b) = b**2 - 2*b - 3. Let n be q(-7). What is the units digit of (m/(-12))/((-2)/n)?
0
Let d(z) = -z**2 - 15*z + 4. Let v be d(-20). Let q = -43 - v. What is the tens digit of q?
5
Suppose 4*k = 7*k - 5*h + 6, 0 = -3*k - 3*h + 18. Suppose -2*z + u + 430 = -u, z + k*u = 227. What is the tens digit of z?
1
What is the hundreds digit of 56/21*36/(-16) + 357?
3
Let s(n) = 3*n**3 - 4*n**2 - n - 1. Let r be 60/12 - 2*1. Let t = 6 - r. What is the tens digit of s(t)?
4
Suppose 5*k + 142 = -503. Let l = -71 - k. What is the units digit of l?
8
Let p(f) = -f**2 - 2*f. Let w be p(2). Let g be 2*(-1)/(w/(-12)). What is the tens digit of -1*(-21 + (-5 - g))?
2
Let z(y) = -y**3 + y**2 + 125. Suppose 3*a = -5*q - 15, -5*a - 15 = 5*q - 0. What is the hundreds digit of z(a)?
1
Let d(r) = r**2 - 2*r - 10. Let f be d(5). What is the units digit of f + (-6)/3 + 67?
0
Suppose -3*p + 5 = -1255. Suppose 5*n - 9*n + p = 0. Suppose 5*b = q - 0 + 75, 0 = 5*b + 5*q - n. What is the units digit of b?
6
Let z be 1 + 0 + (2 - 2). Suppose -j - 4*b = j + 2, -4*b + 8 = 4*j. Let g = j - z. What is the units digit of g?
4
Let q = -97 - 123. Let b = 341 + q. What is the units digit of b?
1
Let r = 280 + -177. Suppose o - r = y - 5*y, 4*o = -5*y + 467. What is the units digit of o?
3
Let o be (-2)/8 + (-31)/4. Let z(h) = -5*h + 45. Let f(g) = g - 11. Let m(r) = -9*f(r) - 2*z(r). What is the units digit of m(o)?
1
Let u(h) = h**3 - 5*h**2 + 2*h - 5. Let s be u(5). Suppose 3*p - 14 = 4*r, -4*p + r + 2*r = -14. Suppose p*a = s*a - 69. What is the tens digit of a?
2
What is the tens digit of (-121 + 4)*(-56)/12?
4
Let j(b) = b**2 + 11*b + 2963. What is the units digit of j(0)?
3
Let y be -5*(-2)/((-6)/(-15)). Let i = -23 + y. What is the units digit of (i - -2) + 15/3?
9
Suppose 29*l - 22*l + 34132 = 0. What is the hundreds digit of 5*(l/(-90) - 2/(-9))?
2
Let a = -26 - -32. Suppose v = -3*b - a, -6 = 3*b + 3*v - 0. What is the units digit of ((-53)/(-5))/(b/(-10))?
3
Let a be 72/27*((-31)/(-2) - 2). What is the units digit of -17*5/(-20)*a?
3
Suppose v - 2 = 3. Let h(q) be the first derivative of -q**2/2 + 10*q + 61. What is the units digit of h(v)?
5
Let i be ((-9)/12)/(1/(-4)). Let c(k) be the third derivative of k**6/40 - k**5/20 + k**4/12 + k**3/2 + 308*k**2. What is the tens digit of c(i)?
6
Let o be (-5)/((-10)/(-6)) + 6. Suppose o*p - 10 = -2*z, 5*p + 3*z - 4*z - 8 = 0. Suppose -t - 40 + 6 = -3*s, 0 = p*s - 4*t - 26. What is the units digit of s?
1
Let a = -5 - -17. Let s = -9 + a. What is the units digit of 23/3 + 1/s?
8
What is the tens digit of (-316572)/(-465) - 2/(-10)?
8
Let i(u) = -10*u**3 - 2*u**2 - 3*u - 1. Let x be i(-1). What is the units digit of (-5)/(x/(-138)) + 4?
3
Suppose w + g - 458 = 0, -3*w + 729 = 2*g - 646. What is the tens digit of w?
5
Let x(s) = s**3 - 27*s**2 + 54*s + 52. What is the tens digit of x(26)?
8
Let z(k) = -k**2 - 111*k - 180. What is the thousands digit of z(-49)?
2
Suppose 13*z - 3 = 12*z, 5*g - 728 = 4*z. What is the units digit of g?
8
Suppose 4*y - 17720 - 3166 = -2*a, -10468 = -2*y + 4*a. What is the units digit of y?
4
Let j = -3 + 11. Suppose -5*h = -y - 20, -5*h + 4*h = -y - j. Suppose -8 = -h*d + 1. What is the units digit of d?
3
Let g be ((-8)/(-5))/(5/(-25)). Let v = g - -13. Suppose -156 = -v*t - 1. What is the units digit of t?
1
Let v(c) = c**2 - 6*c + 2. Let p be v(6). Let y = p - -35. What is the tens digit of y?
3
Let j be (42/(-147))/(1/(-7)). Let y(v) = -v**2 + 7*v - 1. Let c be y(6). Suppose 29 = 3*w - j*z, -w - 2*w = 4*z - c. What is the units digit of w?
7
Let x(u) = u**3 + 10*u**2 + 8*u + 1. Let y be x(-9). Suppose 15*m = y*m + 300. What is the units digit of m?
0
Let f(u) = -66*u. Let a be f(-1). Let n = -44 + a. Suppose 0 = -q + n - 5. What is the tens digit of q?
1
Let n = 13 - -21. Let i = 105 - n. What is the tens digit of i?
7
Let m(v) = 4*v**2 + 2*v + 1. Let l be m(-1). Suppose -9*u + l*u + 942 = 0. What is the hundreds digit of u?
1
Suppose -12 = -4*t + 4*p, 2*t - 5 = p + 1. Suppose -1 - 2 = -t*x. What is the tens digit of (-255)/(-25) + x/(-5)?
1
What is the hundreds digit of 1 + (-5162)/(-5) - 150/(-250)?
0
Let d(h) = h**2 - 14*h + 9. Let r be d(11). Let y be -6*(1 + 116/r). Let b = y + 4. What is the units digit of b?
7
Let w = -25 + 24. Let v = 30 - w. What is the tens digit of v?
3
Suppose -2*h + 38 = -4*h. Let w = -14 - h. Let b = w - -15. What is the tens digit of b?
2
Let z(k) = -4*k**3 - 2*k**2 - k + 1. Let u(l) = -l**3 - l**2 - l - 1. Let g(d) = -2*u(d) + z(d). What is the units digit of g(-2)?
7
Suppose g - 50 = 2*g. Let c = 99 + g. What is the units digit of c?
9
Let a be 1/(4/(-8)*-1). Suppose a*i = i + 3. Suppose i*c = 2*y - 3, -y = 5*c - 7 - 1. What is the units digit of y?
3
Let w(k) = -k**3 + 3*k**2 - 6*k + 634. What is the hundreds digit of w(0)?
6
Suppose 12*p = 3*p + 18. Suppose 3*o - 2*m = 7*o - 910, -458 = -p*o + 2*m. What is the tens digit of o?
2
Let p(h) = h**2 + 4*h - 8. Let o be p(-6). Suppose o*u + 3*b + 3 = 15, 0 = -3*u - b + 9. Suppose 59 = n + u. What is the units digit of n?
6
Suppose -2*r + 2 + 0 = 0, 0 = 5*v - 4*r - 21. Let j be v/25 - (-79)/5. Let q = j + 7. What is the units digit of q?
3
Let l(z) = 2*z**2 + 3*z - 2. Let r = -8 - -14. Suppose 4*w - 5*m = -2, -w = -m + r*m - 12. What is the units digit of l(w)?
2
Let a = 2 + 132. What is the tens digit of a?
3
Let p(m) = 3*m**2 + m - 1. Let o be p(1). Suppose x + 91 = 5*b, -o*b + 5*x - 9*x + 50 = 0. Let y = 33 - b. What is the units digit of y?
5
Suppose 637 = 3*a + 103. What is the tens digit of a?
7
Let h(n) = 10*n - 1. Let w be h(6). Let y = -41 + w. What is the tens digit of y?
1
Let s(v) be the first derivative of v**2/2 + 2*v + 3. Let j be s(0). What is the units digit of ((-29)/j)/((-4)/8)?
9
Let y(q) = -q**2 + 11*q + 7. Let g be y(11). Let j(d) = 10*d + 1. Let t be j(g). Suppose 5*r + 47 = 3*m, -5*m - 2*r + t = -3*r. What is the units digit of m?
4
Let d(i) = -i**3 - 5*i**2 + 17*i + 23. Let a be d(-10). Suppose 0 = -4*m + 223 + a. What is the hundreds digit of m?
1
Let n(h) = -h + 1. Let r be n(-7). Let t be 8*2/(r/10). Suppose 20 + t = 4*q. What is the tens digit of q?
1
Suppose 2*y + 3*y + 120 = 0. Let g = -11 - y. What is the tens digit of g?
1
Let u = 64 + 1149. What is the thousands digit of u?
1
Let i(c) = c**3 - 5*c**2 - 7*c + 10. Let f be i(6). Suppose 10*t - 30 = f*t. Suppose -3*p + 11 = t*h - 16, 3*h - 2*p = 20. What is the units digit of h?
6
Let i be (-410)/(-60) + (-2)/(-12). Suppose 2*x + 220 = i*x. What is the units digit of x?
4
Suppose 2*c = -z + 111, -4*c - c + 277 = 2*z. What is the units digit of 3542/c - 3/(-5)?
5
Let m 